{"id":2524,"date":"2018-06-20T04:46:17","date_gmt":"2018-06-20T04:46:17","guid":{"rendered":"https:\/\/www.businessandarts.org\/artsvest-regions\/impact-prince-edward-island\/"},"modified":"2019-07-16T18:54:22","modified_gmt":"2019-07-16T18:54:22","slug":"impact-prince-edward-island","status":"publish","type":"page","link":"https:\/\/www.businessandarts.org\/fr\/artsvest\/impact-prince-edward-island\/","title":{"rendered":"Impact \u00cele du Prince \u00c9douard"},"content":{"rendered":"<div class=\"impact-wrap\">\n<div class=\"\">\n<p><strong>Faits saillants:<\/strong><\/p>\n<p>Nous avons lanc\u00e9 le programme PEI en 2017. En un an \u00e0 peine, les organisations de l&#8217;\u00cele-du-Prince-\u00c9douard ont plus que doubl\u00e9 leur objectif de collecte de fonds, collectant 168 788 $ d&#8217;entreprises locales.<\/p>\n<\/div>\n<div class=\"impact-regi-img\"><img loading=\"lazy\" decoding=\"async\" src=\"https:\/\/www.businessandarts.org\/wp-content\/uploads\/2019\/07\/PEI-Results-website2.png\" alt=\"\" width=\"2917\" height=\"4167\" class=\"alignnone size-full wp-image-10316\" \/><\/div>\n<\/div>\n","protected":false},"excerpt":{"rendered":"<p>Faits saillants: Nous avons lanc\u00e9 le programme PEI en 2017. En un an \u00e0 peine, les organisations de l&#8217;\u00cele-du-Prince-\u00c9douard ont plus que doubl\u00e9 leur objectif de collecte de fonds, collectant 168 788 $ d&#8217;entreprises locales.<\/p>\n","protected":false},"author":1,"featured_media":0,"parent":17375,"menu_order":0,"comment_status":"closed","ping_status":"closed","template":"page-templates\/twocolumn-with-fullwidth.php","meta":{"_acf_changed":false,"footnotes":""},"class_list":["post-2524","page","type-page","status-publish","hentry"],"acf":[],"yoast_head":"<!-- This site is optimized with the Yoast SEO plugin v23.7 - https:\/\/yoast.com\/wordpress\/plugins\/seo\/ -->\n<title>Impact \u00cele du Prince \u00c9douard - Business \/ Arts<\/title>\n<meta name=\"robots\" content=\"index, follow, max-snippet:-1, max-image-preview:large, max-video-preview:-1\" \/>\n<link rel=\"canonical\" href=\"https:\/\/www.businessandarts.org\/fr\/artsvest\/impact-prince-edward-island\/\" \/>\n<meta property=\"og:locale\" content=\"fr_FR\" \/>\n<meta property=\"og:type\" content=\"article\" \/>\n<meta property=\"og:title\" content=\"Impact \u00cele du Prince \u00c9douard - Business \/ Arts\" \/>\n<meta property=\"og:description\" content=\"Faits saillants: Nous avons lanc\u00e9 le programme PEI en 2017. En un an \u00e0 peine, les organisations de l&#8217;\u00cele-du-Prince-\u00c9douard ont plus que doubl\u00e9 leur objectif de collecte de fonds, collectant 168 788 $ d&#8217;entreprises locales.\" \/>\n<meta property=\"og:url\" content=\"https:\/\/www.businessandarts.org\/fr\/artsvest\/impact-prince-edward-island\/\" \/>\n<meta property=\"og:site_name\" content=\"Business \/ Arts\" \/>\n<meta property=\"article:modified_time\" content=\"2019-07-16T18:54:22+00:00\" \/>\n<meta property=\"og:image\" content=\"https:\/\/www.businessandarts.org\/wp-content\/uploads\/2019\/07\/PEI-Results-website2.png\" \/>\n<meta name=\"twitter:card\" content=\"summary_large_image\" \/>\n<script type=\"application\/ld+json\" class=\"yoast-schema-graph\">{\"@context\":\"https:\/\/schema.org\",\"@graph\":[{\"@type\":\"WebPage\",\"@id\":\"https:\/\/www.businessandarts.org\/fr\/artsvest\/impact-prince-edward-island\/\",\"url\":\"https:\/\/www.businessandarts.org\/fr\/artsvest\/impact-prince-edward-island\/\",\"name\":\"Impact \u00cele du Prince \u00c9douard - Business \/ Arts\",\"isPartOf\":{\"@id\":\"https:\/\/www.businessandarts.org\/#website\"},\"primaryImageOfPage\":{\"@id\":\"https:\/\/www.businessandarts.org\/fr\/artsvest\/impact-prince-edward-island\/#primaryimage\"},\"image\":{\"@id\":\"https:\/\/www.businessandarts.org\/fr\/artsvest\/impact-prince-edward-island\/#primaryimage\"},\"thumbnailUrl\":\"https:\/\/www.businessandarts.org\/wp-content\/uploads\/2019\/07\/PEI-Results-website2.png\",\"datePublished\":\"2018-06-20T04:46:17+00:00\",\"dateModified\":\"2019-07-16T18:54:22+00:00\",\"breadcrumb\":{\"@id\":\"https:\/\/www.businessandarts.org\/fr\/artsvest\/impact-prince-edward-island\/#breadcrumb\"},\"inLanguage\":\"fr-FR\",\"potentialAction\":[{\"@type\":\"ReadAction\",\"target\":[\"https:\/\/www.businessandarts.org\/fr\/artsvest\/impact-prince-edward-island\/\"]}]},{\"@type\":\"ImageObject\",\"inLanguage\":\"fr-FR\",\"@id\":\"https:\/\/www.businessandarts.org\/fr\/artsvest\/impact-prince-edward-island\/#primaryimage\",\"url\":\"https:\/\/www.businessandarts.org\/wp-content\/uploads\/2019\/07\/PEI-Results-website2.png\",\"contentUrl\":\"https:\/\/www.businessandarts.org\/wp-content\/uploads\/2019\/07\/PEI-Results-website2.png\"},{\"@type\":\"BreadcrumbList\",\"@id\":\"https:\/\/www.businessandarts.org\/fr\/artsvest\/impact-prince-edward-island\/#breadcrumb\",\"itemListElement\":[{\"@type\":\"ListItem\",\"position\":1,\"name\":\"Home\",\"item\":\"https:\/\/www.businessandarts.org\/fr\/\"},{\"@type\":\"ListItem\",\"position\":2,\"name\":\"artsvest\",\"item\":\"https:\/\/www.businessandarts.org\/fr\/artsvest\/\"},{\"@type\":\"ListItem\",\"position\":3,\"name\":\"Impact \u00cele du Prince \u00c9douard\"}]},{\"@type\":\"WebSite\",\"@id\":\"https:\/\/www.businessandarts.org\/#website\",\"url\":\"https:\/\/www.businessandarts.org\/\",\"name\":\"Business \/ Arts\",\"description\":\"\",\"potentialAction\":[{\"@type\":\"SearchAction\",\"target\":{\"@type\":\"EntryPoint\",\"urlTemplate\":\"https:\/\/www.businessandarts.org\/?s={search_term_string}\"},\"query-input\":{\"@type\":\"PropertyValueSpecification\",\"valueRequired\":true,\"valueName\":\"search_term_string\"}}],\"inLanguage\":\"fr-FR\"}]}<\/script>\n<!-- \/ Yoast SEO plugin. -->","yoast_head_json":{"title":"Impact \u00cele du Prince \u00c9douard - Business \/ Arts","robots":{"index":"index","follow":"follow","max-snippet":"max-snippet:-1","max-image-preview":"max-image-preview:large","max-video-preview":"max-video-preview:-1"},"canonical":"https:\/\/www.businessandarts.org\/fr\/artsvest\/impact-prince-edward-island\/","og_locale":"fr_FR","og_type":"article","og_title":"Impact \u00cele du Prince \u00c9douard - Business \/ Arts","og_description":"Faits saillants: Nous avons lanc\u00e9 le programme PEI en 2017. En un an \u00e0 peine, les organisations de l&#8217;\u00cele-du-Prince-\u00c9douard ont plus que doubl\u00e9 leur objectif de collecte de fonds, collectant 168 788 $ d&#8217;entreprises locales.","og_url":"https:\/\/www.businessandarts.org\/fr\/artsvest\/impact-prince-edward-island\/","og_site_name":"Business \/ Arts","article_modified_time":"2019-07-16T18:54:22+00:00","og_image":[{"url":"https:\/\/www.businessandarts.org\/wp-content\/uploads\/2019\/07\/PEI-Results-website2.png"}],"twitter_card":"summary_large_image","schema":{"@context":"https:\/\/schema.org","@graph":[{"@type":"WebPage","@id":"https:\/\/www.businessandarts.org\/fr\/artsvest\/impact-prince-edward-island\/","url":"https:\/\/www.businessandarts.org\/fr\/artsvest\/impact-prince-edward-island\/","name":"Impact \u00cele du Prince \u00c9douard - Business \/ Arts","isPartOf":{"@id":"https:\/\/www.businessandarts.org\/#website"},"primaryImageOfPage":{"@id":"https:\/\/www.businessandarts.org\/fr\/artsvest\/impact-prince-edward-island\/#primaryimage"},"image":{"@id":"https:\/\/www.businessandarts.org\/fr\/artsvest\/impact-prince-edward-island\/#primaryimage"},"thumbnailUrl":"https:\/\/www.businessandarts.org\/wp-content\/uploads\/2019\/07\/PEI-Results-website2.png","datePublished":"2018-06-20T04:46:17+00:00","dateModified":"2019-07-16T18:54:22+00:00","breadcrumb":{"@id":"https:\/\/www.businessandarts.org\/fr\/artsvest\/impact-prince-edward-island\/#breadcrumb"},"inLanguage":"fr-FR","potentialAction":[{"@type":"ReadAction","target":["https:\/\/www.businessandarts.org\/fr\/artsvest\/impact-prince-edward-island\/"]}]},{"@type":"ImageObject","inLanguage":"fr-FR","@id":"https:\/\/www.businessandarts.org\/fr\/artsvest\/impact-prince-edward-island\/#primaryimage","url":"https:\/\/www.businessandarts.org\/wp-content\/uploads\/2019\/07\/PEI-Results-website2.png","contentUrl":"https:\/\/www.businessandarts.org\/wp-content\/uploads\/2019\/07\/PEI-Results-website2.png"},{"@type":"BreadcrumbList","@id":"https:\/\/www.businessandarts.org\/fr\/artsvest\/impact-prince-edward-island\/#breadcrumb","itemListElement":[{"@type":"ListItem","position":1,"name":"Home","item":"https:\/\/www.businessandarts.org\/fr\/"},{"@type":"ListItem","position":2,"name":"artsvest","item":"https:\/\/www.businessandarts.org\/fr\/artsvest\/"},{"@type":"ListItem","position":3,"name":"Impact \u00cele du Prince \u00c9douard"}]},{"@type":"WebSite","@id":"https:\/\/www.businessandarts.org\/#website","url":"https:\/\/www.businessandarts.org\/","name":"Business \/ Arts","description":"","potentialAction":[{"@type":"SearchAction","target":{"@type":"EntryPoint","urlTemplate":"https:\/\/www.businessandarts.org\/?s={search_term_string}"},"query-input":{"@type":"PropertyValueSpecification","valueRequired":true,"valueName":"search_term_string"}}],"inLanguage":"fr-FR"}]}},"_links":{"self":[{"href":"https:\/\/www.businessandarts.org\/fr\/wp-json\/wp\/v2\/pages\/2524","targetHints":{"allow":["GET"]}}],"collection":[{"href":"https:\/\/www.businessandarts.org\/fr\/wp-json\/wp\/v2\/pages"}],"about":[{"href":"https:\/\/www.businessandarts.org\/fr\/wp-json\/wp\/v2\/types\/page"}],"author":[{"embeddable":true,"href":"https:\/\/www.businessandarts.org\/fr\/wp-json\/wp\/v2\/users\/1"}],"replies":[{"embeddable":true,"href":"https:\/\/www.businessandarts.org\/fr\/wp-json\/wp\/v2\/comments?post=2524"}],"version-history":[{"count":0,"href":"https:\/\/www.businessandarts.org\/fr\/wp-json\/wp\/v2\/pages\/2524\/revisions"}],"up":[{"embeddable":true,"href":"https:\/\/www.businessandarts.org\/fr\/wp-json\/wp\/v2\/pages\/17375"}],"wp:attachment":[{"href":"https:\/\/www.businessandarts.org\/fr\/wp-json\/wp\/v2\/media?parent=2524"}],"curies":[{"name":"wp","href":"https:\/\/api.w.org\/{rel}","templated":true}]}}

Impact Île du Prince Édouard

<div class="impact-wrap">
<div class="">
<p><strong>Faits saillants:</strong></p>
<p>Nous avons lancé le programme PEI en 2017. En un an à peine, les organisations de l&#8217;Île-du-Prince-Édouard ont plus que doublé leur objectif de collecte de fonds, collectant 168 788 $ d&#8217;entreprises locales.</p>
</div>
<div class="impact-regi-img"><img loading="lazy" decoding="async" src="https://www.businessandarts.org/wp-content/uploads/2019/07/PEI-Results-website2.png" alt="" width="2917" height="4167" class="alignnone size-full wp-image-10316" /></div>
</div>

<p>Faits saillants: Nous avons lancé le programme PEI en 2017. En un an à peine, les organisations de l&#8217;Île-du-Prince-Édouard ont plus que doublé leur objectif de collecte de fonds, collectant 168 788 $ d&#8217;entreprises locales.</p>

<!-- This site is optimized with the Yoast SEO plugin v23.7 - https://yoast.com/wordpress/plugins/seo/ -->
<title>Impact Île du Prince Édouard - Business / Arts</title>
<meta name="robots" content="index, follow, max-snippet:-1, max-image-preview:large, max-video-preview:-1" />
<link rel="canonical" href="https://www.businessandarts.org/fr/artsvest/impact-prince-edward-island/" />
<meta property="og:locale" content="fr_FR" />
<meta property="og:type" content="article" />
<meta property="og:title" content="Impact Île du Prince Édouard - Business / Arts" />
<meta property="og:description" content="Faits saillants: Nous avons lancé le programme PEI en 2017. En un an à peine, les organisations de l&#8217;Île-du-Prince-Édouard ont plus que doublé leur objectif de collecte de fonds, collectant 168 788 $ d&#8217;entreprises locales." />
<meta property="og:url" content="https://www.businessandarts.org/fr/artsvest/impact-prince-edward-island/" />
<meta property="og:site_name" content="Business / Arts" />
<meta property="article:modified_time" content="2019-07-16T18:54:22+00:00" />
<meta property="og:image" content="https://www.businessandarts.org/wp-content/uploads/2019/07/PEI-Results-website2.png" />
<meta name="twitter:card" content="summary_large_image" />
<script type="application/ld+json" class="yoast-schema-graph">{"@context":"https://schema.org","@graph":[{"@type":"WebPage","@id":"https://www.businessandarts.org/fr/artsvest/impact-prince-edward-island/","url":"https://www.businessandarts.org/fr/artsvest/impact-prince-edward-island/","name":"Impact Île du Prince Édouard - Business / Arts","isPartOf":{"@id":"https://www.businessandarts.org/#website"},"primaryImageOfPage":{"@id":"https://www.businessandarts.org/fr/artsvest/impact-prince-edward-island/#primaryimage"},"image":{"@id":"https://www.businessandarts.org/fr/artsvest/impact-prince-edward-island/#primaryimage"},"thumbnailUrl":"https://www.businessandarts.org/wp-content/uploads/2019/07/PEI-Results-website2.png","datePublished":"2018-06-20T04:46:17+00:00","dateModified":"2019-07-16T18:54:22+00:00","breadcrumb":{"@id":"https://www.businessandarts.org/fr/artsvest/impact-prince-edward-island/#breadcrumb"},"inLanguage":"fr-FR","potentialAction":[{"@type":"ReadAction","target":["https://www.businessandarts.org/fr/artsvest/impact-prince-edward-island/"]}]},{"@type":"ImageObject","inLanguage":"fr-FR","@id":"https://www.businessandarts.org/fr/artsvest/impact-prince-edward-island/#primaryimage","url":"https://www.businessandarts.org/wp-content/uploads/2019/07/PEI-Results-website2.png","contentUrl":"https://www.businessandarts.org/wp-content/uploads/2019/07/PEI-Results-website2.png"},{"@type":"BreadcrumbList","@id":"https://www.businessandarts.org/fr/artsvest/impact-prince-edward-island/#breadcrumb","itemListElement":[{"@type":"ListItem","position":1,"name":"Home","item":"https://www.businessandarts.org/fr/"},{"@type":"ListItem","position":2,"name":"artsvest","item":"https://www.businessandarts.org/fr/artsvest/"},{"@type":"ListItem","position":3,"name":"Impact Île du Prince Édouard"}]},{"@type":"WebSite","@id":"https://www.businessandarts.org/#website","url":"https://www.businessandarts.org/","name":"Business / Arts","description":"","potentialAction":[{"@type":"SearchAction","target":{"@type":"EntryPoint","urlTemplate":"https://www.businessandarts.org/?s={search_term_string}"},"query-input":{"@type":"PropertyValueSpecification","valueRequired":true,"valueName":"search_term_string"}}],"inLanguage":"fr-FR"}]}</script>
<!-- / Yoast SEO plugin. -->

Impact Île du Prince Édouard - Business / Arts

Faits saillants: Nous avons lancé le programme PEI en 2017. En un an à peine, les organisations de l&#8217;Île-du-Prince-Édouard ont plus que doublé leur objectif de collecte de fonds, collectant 168 788 $ d&#8217;entreprises locales.
