{"version":"1.0","provider_name":"Business \/ Arts","provider_url":"https:\/\/www.businessandarts.org\/fr\/","author_name":"businessforthearts","author_url":"https:\/\/www.businessandarts.org\/fr\/author\/businessforthearts\/","title":"Regardez : L'\u00e9cologisation du secteur des arts\u00a0 - Business \/ Arts","type":"rich","width":600,"height":338,"html":"<blockquote class=\"wp-embedded-content\" data-secret=\"n6sfzu097V\"><a href=\"https:\/\/www.businessandarts.org\/fr\/blog\/regardez-lecologisation-du-secteur-des-arts\/\">Regardez : L&#8217;\u00e9cologisation du secteur des arts\u00a0<\/a><\/blockquote><iframe sandbox=\"allow-scripts\" security=\"restricted\" src=\"https:\/\/www.businessandarts.org\/fr\/blog\/regardez-lecologisation-du-secteur-des-arts\/embed\/#?secret=n6sfzu097V\" width=\"600\" height=\"338\" title=\"\u00ab\u00a0Regardez : L&#8217;\u00e9cologisation du secteur des arts\u00a0\u00a0\u00bb &#8212; Business \/ Arts\" data-secret=\"n6sfzu097V\" frameborder=\"0\" marginwidth=\"0\" marginheight=\"0\" scrolling=\"no\" class=\"wp-embedded-content\"><\/iframe><script type=\"text\/javascript\">\n\/* <![CDATA[ *\/\n\/*! This file is auto-generated *\/\n!function(d,l){\"use strict\";l.querySelector&&d.addEventListener&&\"undefined\"!=typeof URL&&(d.wp=d.wp||{},d.wp.receiveEmbedMessage||(d.wp.receiveEmbedMessage=function(e){var t=e.data;if((t||t.secret||t.message||t.value)&&!\/[^a-zA-Z0-9]\/.test(t.secret)){for(var s,r,n,a=l.querySelectorAll('iframe[data-secret=\"'+t.secret+'\"]'),o=l.querySelectorAll('blockquote[data-secret=\"'+t.secret+'\"]'),c=new RegExp(\"^https?:$\",\"i\"),i=0;i<o.length;i++)o[i].style.display=\"none\";for(i=0;i<a.length;i++)s=a[i],e.source===s.contentWindow&&(s.removeAttribute(\"style\"),\"height\"===t.message?(1e3<(r=parseInt(t.value,10))?r=1e3:~~r<200&&(r=200),s.height=r):\"link\"===t.message&&(r=new URL(s.getAttribute(\"src\")),n=new URL(t.value),c.test(n.protocol))&&n.host===r.host&&l.activeElement===s&&(d.top.location.href=t.value))}},d.addEventListener(\"message\",d.wp.receiveEmbedMessage,!1),l.addEventListener(\"DOMContentLoaded\",function(){for(var e,t,s=l.querySelectorAll(\"iframe.wp-embedded-content\"),r=0;r<s.length;r++)(t=(e=s[r]).getAttribute(\"data-secret\"))||(t=Math.random().toString(36).substring(2,12),e.src+=\"#?secret=\"+t,e.setAttribute(\"data-secret\",t)),e.contentWindow.postMessage({message:\"ready\",secret:t},\"*\")},!1)))}(window,document);\n\/\/# sourceURL=https:\/\/www.businessandarts.org\/wp-includes\/js\/wp-embed.min.js\n\/* ]]> *\/\n<\/script>\n","thumbnail_url":"https:\/\/www.businessandarts.org\/wp-content\/uploads\/2022\/05\/spekaer_series_FRE.png","thumbnail_width":4000,"thumbnail_height":2250,"description":"Lors de cette s\u00e9ance avec\u00a0Devon Hardy,\u00a0directrice du programme\u00a0les outils Creative Green (\u00ab outils CG \u00bb), nous avons examin\u00e9 des strat\u00e9gies pour am\u00e9liorer la durabilit\u00e9 de nos institutions culturelles. Ensemble, nous avons abord\u00e9 les outils Creative Green (\u00ab outils CG \u00bb),&hellip;Lire plus de &#8250;"}

Regardez : L'écologisation du secteur des arts  - Business / Arts

<blockquote class="wp-embedded-content" data-secret="n6sfzu097V"><a href="https://www.businessandarts.org/fr/blog/regardez-lecologisation-du-secteur-des-arts/">Regardez : L&#8217;écologisation du secteur des arts </a></blockquote><iframe sandbox="allow-scripts" security="restricted" src="https://www.businessandarts.org/fr/blog/regardez-lecologisation-du-secteur-des-arts/embed/#?secret=n6sfzu097V" width="600" height="338" title="« Regardez : L&#8217;écologisation du secteur des arts  » &#8212; Business / Arts" data-secret="n6sfzu097V" frameborder="0" marginwidth="0" marginheight="0" scrolling="no" class="wp-embedded-content"></iframe><script type="text/javascript">
/* <![CDATA[ */
/*! This file is auto-generated */
!function(d,l){"use strict";l.querySelector&&d.addEventListener&&"undefined"!=typeof URL&&(d.wp=d.wp||{},d.wp.receiveEmbedMessage||(d.wp.receiveEmbedMessage=function(e){var t=e.data;if((t||t.secret||t.message||t.value)&&!/[^a-zA-Z0-9]/.test(t.secret)){for(var s,r,n,a=l.querySelectorAll('iframe[data-secret="'+t.secret+'"]'),o=l.querySelectorAll('blockquote[data-secret="'+t.secret+'"]'),c=new RegExp("^https?:$","i"),i=0;i<o.length;i++)o[i].style.display="none";for(i=0;i<a.length;i++)s=a[i],e.source===s.contentWindow&&(s.removeAttribute("style"),"height"===t.message?(1e3<(r=parseInt(t.value,10))?r=1e3:~~r<200&&(r=200),s.height=r):"link"===t.message&&(r=new URL(s.getAttribute("src")),n=new URL(t.value),c.test(n.protocol))&&n.host===r.host&&l.activeElement===s&&(d.top.location.href=t.value))}},d.addEventListener("message",d.wp.receiveEmbedMessage,!1),l.addEventListener("DOMContentLoaded",function(){for(var e,t,s=l.querySelectorAll("iframe.wp-embedded-content"),r=0;r<s.length;r++)(t=(e=s[r]).getAttribute("data-secret"))||(t=Math.random().toString(36).substring(2,12),e.src+="#?secret="+t,e.setAttribute("data-secret",t)),e.contentWindow.postMessage({message:"ready",secret:t},"*")},!1)))}(window,document);
//# sourceURL=https://www.businessandarts.org/wp-includes/js/wp-embed.min.js
/* ]]> */
</script>

Lors de cette séance avec Devon Hardy, directrice du programme les outils Creative Green (« outils CG »), nous avons examiné des stratégies pour améliorer la durabilité de nos institutions culturelles. Ensemble, nous avons abordé les outils Creative Green (« outils CG »),&hellip;Lire plus de &#8250;
