{"version":"1.0","provider_name":"Business \/ Arts","provider_url":"https:\/\/www.businessandarts.org\/fr\/","author_name":"Laura","author_url":"https:\/\/www.businessandarts.org\/fr\/author\/laura\/","title":"R\u00e9flexions de leaders \u00e9mergents sur les arts et la culture au Canada - Business \/ Arts","type":"rich","width":600,"height":338,"html":"<blockquote class=\"wp-embedded-content\" data-secret=\"B4puvHTf47\"><a href=\"https:\/\/www.businessandarts.org\/fr\/blog\/reflexions-de-leaders-emergents\/\">R\u00e9flexions de leaders \u00e9mergents sur les arts et la culture au Canada<\/a><\/blockquote><iframe sandbox=\"allow-scripts\" security=\"restricted\" src=\"https:\/\/www.businessandarts.org\/fr\/blog\/reflexions-de-leaders-emergents\/embed\/#?secret=B4puvHTf47\" width=\"600\" height=\"338\" title=\"\u00ab\u00a0R\u00e9flexions de leaders \u00e9mergents sur les arts et la culture au Canada\u00a0\u00bb &#8212; Business \/ Arts\" data-secret=\"B4puvHTf47\" frameborder=\"0\" marginwidth=\"0\" marginheight=\"0\" scrolling=\"no\" class=\"wp-embedded-content\"><\/iframe><script type=\"text\/javascript\">\n\/* <![CDATA[ *\/\n\/*! This file is auto-generated *\/\n!function(d,l){\"use strict\";l.querySelector&&d.addEventListener&&\"undefined\"!=typeof URL&&(d.wp=d.wp||{},d.wp.receiveEmbedMessage||(d.wp.receiveEmbedMessage=function(e){var t=e.data;if((t||t.secret||t.message||t.value)&&!\/[^a-zA-Z0-9]\/.test(t.secret)){for(var s,r,n,a=l.querySelectorAll('iframe[data-secret=\"'+t.secret+'\"]'),o=l.querySelectorAll('blockquote[data-secret=\"'+t.secret+'\"]'),c=new RegExp(\"^https?:$\",\"i\"),i=0;i<o.length;i++)o[i].style.display=\"none\";for(i=0;i<a.length;i++)s=a[i],e.source===s.contentWindow&&(s.removeAttribute(\"style\"),\"height\"===t.message?(1e3<(r=parseInt(t.value,10))?r=1e3:~~r<200&&(r=200),s.height=r):\"link\"===t.message&&(r=new URL(s.getAttribute(\"src\")),n=new URL(t.value),c.test(n.protocol))&&n.host===r.host&&l.activeElement===s&&(d.top.location.href=t.value))}},d.addEventListener(\"message\",d.wp.receiveEmbedMessage,!1),l.addEventListener(\"DOMContentLoaded\",function(){for(var e,t,s=l.querySelectorAll(\"iframe.wp-embedded-content\"),r=0;r<s.length;r++)(t=(e=s[r]).getAttribute(\"data-secret\"))||(t=Math.random().toString(36).substring(2,12),e.src+=\"#?secret=\"+t,e.setAttribute(\"data-secret\",t)),e.contentWindow.postMessage({message:\"ready\",secret:t},\"*\")},!1)))}(window,document);\n\/\/# sourceURL=https:\/\/www.businessandarts.org\/wp-includes\/js\/wp-embed.min.js\n\/* ]]> *\/\n<\/script>\n","thumbnail_url":"https:\/\/www.businessandarts.org\/wp-content\/uploads\/2024\/12\/Emerging-social-LinkedIn_Fb.png","thumbnail_width":1200,"thumbnail_height":628,"description":"Le secteur des arts et de la culture du Canada \u00e9volue vers un avenir dynamique o\u00f9 les enjeux et les nouvelles possibilit\u00e9s se c\u00f4toient chaque jour. Le programme \u00c9mergence de leadership pr\u00e9sente des acteurs cl\u00e9s qui feront avancer la prochaine&hellip;Lire plus de &#8250;"}

Réflexions de leaders émergents sur les arts et la culture au Canada - Business / Arts

<blockquote class="wp-embedded-content" data-secret="B4puvHTf47"><a href="https://www.businessandarts.org/fr/blog/reflexions-de-leaders-emergents/">Réflexions de leaders émergents sur les arts et la culture au Canada</a></blockquote><iframe sandbox="allow-scripts" security="restricted" src="https://www.businessandarts.org/fr/blog/reflexions-de-leaders-emergents/embed/#?secret=B4puvHTf47" width="600" height="338" title="« Réflexions de leaders émergents sur les arts et la culture au Canada » &#8212; Business / Arts" data-secret="B4puvHTf47" frameborder="0" marginwidth="0" marginheight="0" scrolling="no" class="wp-embedded-content"></iframe><script type="text/javascript">
/* <![CDATA[ */
/*! This file is auto-generated */
!function(d,l){"use strict";l.querySelector&&d.addEventListener&&"undefined"!=typeof URL&&(d.wp=d.wp||{},d.wp.receiveEmbedMessage||(d.wp.receiveEmbedMessage=function(e){var t=e.data;if((t||t.secret||t.message||t.value)&&!/[^a-zA-Z0-9]/.test(t.secret)){for(var s,r,n,a=l.querySelectorAll('iframe[data-secret="'+t.secret+'"]'),o=l.querySelectorAll('blockquote[data-secret="'+t.secret+'"]'),c=new RegExp("^https?:$","i"),i=0;i<o.length;i++)o[i].style.display="none";for(i=0;i<a.length;i++)s=a[i],e.source===s.contentWindow&&(s.removeAttribute("style"),"height"===t.message?(1e3<(r=parseInt(t.value,10))?r=1e3:~~r<200&&(r=200),s.height=r):"link"===t.message&&(r=new URL(s.getAttribute("src")),n=new URL(t.value),c.test(n.protocol))&&n.host===r.host&&l.activeElement===s&&(d.top.location.href=t.value))}},d.addEventListener("message",d.wp.receiveEmbedMessage,!1),l.addEventListener("DOMContentLoaded",function(){for(var e,t,s=l.querySelectorAll("iframe.wp-embedded-content"),r=0;r<s.length;r++)(t=(e=s[r]).getAttribute("data-secret"))||(t=Math.random().toString(36).substring(2,12),e.src+="#?secret="+t,e.setAttribute("data-secret",t)),e.contentWindow.postMessage({message:"ready",secret:t},"*")},!1)))}(window,document);
//# sourceURL=https://www.businessandarts.org/wp-includes/js/wp-embed.min.js
/* ]]> */
</script>

Le secteur des arts et de la culture du Canada évolue vers un avenir dynamique où les enjeux et les nouvelles possibilités se côtoient chaque jour. Le programme Émergence de leadership présente des acteurs clés qui feront avancer la prochaine&hellip;Lire plus de &#8250;
